. Determine m(-9).
330
Let h(t) = -t**3 + 19*t**2 + 33*t - 85. What is h(20)?
175
Let b(o) = 2*o**3 - 4*o**2 - 43*o + 30. Give b(-5).
-105
Let r(u) = -7326*u - 14654. What is r(-2)?
-2
Let o(a) = 169*a - 38734. Determine o(229).
-33
Let l(i) = 4*i**3 - 179*i**2 + 131*i + 61. What is l(44)?
17
Let n(j) = -274*j - 101. What is n(-2)?
447
Let p(b) = b**3 - 13*b**2 + 21*b + 175. Give p(9).
40
Let y(m) = 51*m**2 - 6*m - 46. What is y(0)?
-46
Let u(s) = 2*s**2 + 26*s + 27. Calculate u(-10).
-33
Let y(f) = 114*f - 353. What is y(3)?
-11
Let x(j) = j**2 + 264*j + 1735. Give x(-257).
-64
Let t(w) = w**2 - 478*w + 3765. Calculate t(8).
5
Let b(x) = -63*x + 40. Calculate b(1).
-23
Let r(v) = -345*v + 1415. Determine r(4).
35
Let c(a) = 24*a - 582. Give c(24).
-6
Let t(x) = x**3 - x**2 - 43*x - 133. Calculate t(-4).
-41
Let o(q) = -q**3 - 25*q**2 - 83*q + 6. Determine o(-20).
-334
Let f(n) = 5*n**2 + 238*n + 70. Give f(-47).
-71
Let c(a) = -a**3 - 2*a**2 - 6*a + 123. Give c(0).
123
Let i(r) = -40*r + 76. Calculate i(-12).
556
Let v(n) = -n**3 + 73*n**2 - 8*n + 582. What is v(73)?
-2
Let q(d) = -48*d + 109. What is q(2)?
13
Let q(f) = f**3 - 20*f**2 + 95*f - 23. Calculate q(7).
5
Let n(g) = 3*g**2 + 88*g + 669. Give n(-16).
29
Let o(j) = -j**2 - 23*j + 388. Determine o(-32).
100
Let c(o) = -o**3 - 4*o**2 + 22*o - 22. Determine c(4).
-62
Let m(q) = -213*q + 1967. Determine m(10).
-163
Let r(m) = 67*m**2 - 66*m - 127. Determine r(-2).
273
Let r(j) = 2*j**3 - 24*j**2 - 25*j - 6. Calculate r(13).
7
Let z(b) = -23*b**2 + 54*b - 319. Calculate z(6).
-823
Let n(a) = 243*a + 16755. Calculate n(-69).
-12
Let l(d) = 4*d**3 - 2*d**2 - 26*d - 45. Determine l(-2).
-33
Let k(t) = 7*t**2 + 4*t + 3. What is k(-5)?
158
Let r(g) = g**2 - 199*g + 4345. Calculate r(25).
-5
Let k(t) = t**3 + 87*t**2 - 2*t - 154. Give k(-87).
20
Let y(l) = l**2 - 86*l + 1823. What is y(50)?
23
Let a(c) = 155*c**2 + 1262*c + 16. Determine a(-8).
-160
Let f(t) = -9*t**3 - 60*t**2 + 14*t - 36. Give f(-7).
13
Let t(d) = -d**3 - 25*d**2 + 20*d - 106. Give t(-26).
50
Let g(w) = 79*w**2 + 85*w - 88. Give g(1).
76
Let t(z) = -z**3 + 12*z**2 + 14*z - 22. Determine t(13).
-9
Let b(v) = 16*v**2 + 216*v - 361. Give b(-15).
-1
Let p(u) = -2*u**2 + 55*u - 180. Give p(4).
8
Let h(q) = 42*q - 448. What is h(11)?
14
Let y(k) = k**3 + 24*k**2 - 71*k + 165. What is y(-27)?
-105
Let l(c) = c**3 - 21*c**2 + 78*c + 30. Calculate l(16).
-2
Let s(x) = -42*x**2 - 63*x + 6. Determine s(1).
-99
Let d(p) = p**3 + 18*p**2 + 12*p + 1093. Determine d(-20).
53
Let a(m) = m**3 + 10*m**2 - 229*m + 43. Give a(-21).
1
Let q(j) = -j**3 - 21*j**2 - 87*j - 116. Calculate q(-16).
-4
Let s(b) = -7*b**3 + 24*b**2 + 82*b - 2. What is s(-3)?
157
Let g(f) = 2*f**2 - 660*f + 12979. What is g(309)?
1
Let p(w) = -134*w - 913. Determine p(-8).
159
Let z(y) = 182*y - 10249. Determine z(56).
-57
Let g(k) = -25*k**2 + 40*k - 3. Determine g(2).
-23
Let a(w) = 2*w**2 + 4*w - 19. Calculate a(3).
11
Let f(c) = 538*c + 16148. Give f(-30).
8
Let v(t) = -144*t - 594. Calculate v(-4).
-18
Let u(d) = -10*d**3 - 159*d**2 + 35*d + 165. Calculate u(-16).
-139
Let t(k) = -k**3 + 11*k**2 + 11*k - 85. Calculate t(11).
36
Let n(w) = -2*w**2 + 217*w - 5817. Determine n(56).
63
Let q(f) = 2*f**3 + 17*f**2 + 22*f + 118. Determine q(-7).
111
Let t(a) = -25*a + 83. What is t(4)?
-17
Let p(c) = -21*c**2 - 47*c + 195. Determine p(6).
-843
Let m(g) = -g**2 - 31*g + 15. Calculate m(-12).
243
Let w(n) = -n**3 + 9*n**2 - n - 13. Determine w(9).
-22
Let k(q) = -195*q**2 - 74*q - 73. What is k(-1)?
-194
Let q(v) = v**3 + 6*v**2 - 2*v + 22. Calculate q(-7).
-13
Let u(x) = -240*x + 10803. Determine u(45).
3
Let b(u) = 18*u**2 - 968*u - 84. Determine b(53).
-826
Let r(g) = 2*g**2 - 260*g - 1087. Determine r(-4).
-15
Let m(g) = 2*g**3 + 23*g**2 - 10*g + 9. What is m(-12)?
-15
Let d(v) = 3*v**2 + 8*v - 114. Determine d(5).
1
Let q(n) = -n**3 - 142*n**2 - 269*n + 1542. Determine q(-140).
2
Let r(m) = 14*m**2 - 31*m - 86. Give r(4).
14
Let o(u) = -u**2 - 11*u + 563. Determine o(-31).
-57
Let t(g) = -47*g - 378. Determine t(-7).
-49
Let c(x) = -2706*x + 18924. Calculate c(7).
-18
Let x(u) = 427*u - 15847. Calculate x(37).
-48
Let w(n) = -27*n**2 + 5*n + 26. What is w(5)?
-624
Let m(i) = i**3 - 3*i**2 + 10*i + 8. Calculate m(0).
8
Let o(a) = -2976*a + 377953. Give o(127).
1
Let q(n) = -2*n - 23. Calculate q(-4).
-15
Let n(u) = 53*u - 956. Calculate n(17).
-55
Let i(y) = -99*y - 801. Give i(-8).
-9
Let t(a) = -a**3 + 6*a**2 - 17*a + 24. Determine t(6).
-78
Let v(k) = -k**2 + 84*k - 414. Calculate v(5).
-19
Let i(x) = x**3 - 17*x**2 - 2*x + 23. Determine i(17).
-11
Let b(o) = 7*o**2 - 71*o + 7. What is b(10)?
-3
Let b(i) = -404*i + 5646. Determine b(14).
-10
Let u(x) = x**2 + 15*x + 42. Calculate u(-12).
6
Let x(p) = -p**2 + 254*p - 4007. Calculate x(17).
22
Let d(t) = 1511*t + 10580. Determine d(-7).
3
Let m(p) = 13*p - 80. What is m(7)?
11
Let p(g) = 6*g**3 - 76*g**2 - 15*g - 127. Calculate p(13).
16
Let v(i) = -i**3 + 3*i**2 + 47*i - 146. Calculate v(3).
-5
Let n(v) = -5*v**2 - 21*v - 51. Determine n(-3).
-33
Let w(a) = 6*a**3 - 10*a**2 + 22*a - 10. Give w(2).
42
Let c(w) = -87*w - 7592. Determine c(-87).
-23
Let l(z) = -z**3 - 278*z**2 + 289*z - 11. Determine l(1).
-1
Let g(u) = -u**3 + 99*u**2 - 107*u + 884. Calculate g(98).
2
Let q(v) = -4*v**2 + 27*v - 164. Give q(8).
-204
Let y(c) = -c**3 - 37*c**2 + 67*c - 422. Determine y(-39).
7
Let j(q) = -22*q + 115. Give j(20).
-325
Let z(m) = 2*m**3 - 4*m**2 + m - 19. Give z(0).
-19
Let d(l) = 4*l**2 + 102*l + 6. Determine d(-23).
-224
Let z(h) = 3*h**2 - 43*h + 45. Give z(13).
-7
Let k(x) = -x**2 - 116*x - 3341. Determine k(-63).
-2
Let z(x) = 7*x**3 + 4*x**2 + 2*x + 6. Give z(-2).
-38
Let n(x) = 2*x**3 - 43*x**2 + 24*x - 61. What is n(21)?
2
Let q(v) = -4*v + 32. Determine q(12).
-16
Let g(o) = -21*o**2 - 40*o + 17. Calculate g(-5).
-308
Let z(c) = 12*c**2 + 31*c - 115. Give z(4).
201
Let w(g) = 4*g**2 - 325*g - 2049. Calculate w(87).
-48
Let a(f) = 140*f + 2938. Determine a(-21).
-2
Let u(c) = -c**2 + 46*c + 79. Calculate u(-4).
-121
Let r(h) = 49*h + 1445. What is r(-33)?
-172
Let t(p) = -41*p + 82. What is t(5)?
-123
Let i(z) = z**3 - 9*z**2 - 830*z + 32. Give i(34).
712
Let z(v) = -3*v**2 - 172*v + 1737. Calculate z(9).
-54
Let a(x) = x**3 + 26*x**2 - 27*x. Determine a(1).
0
Let z(t) = 47*t**2 - 103*t + 21. Determine z(2).
3
Let j(q) = 35*q + 25. Calculate j(-2).
-45
Let c(q) = 5*q**3 + 37*q**2 + 34*q + 140. Calculate c(-7).
0
Let m(c) = c**3 + 9*c**2 - 88*c - 681. What is m(-9)?
111
Let m(q) = -149*q - 282. Determine m(-2).
16
Let o(z) = -z**2 - 232*z + 2148. What is o(9)?
-21
Let q(s) = -7*s**2 + 178*s - 26. Determine q(25).
49
Let a(k) = -k**3 - 6*k**2 - 3*k - 62. Give a(-7).
8
Let q(b) = -10*b**2 - 1909*b + 203. Give q(-191).
12
Let u(p) = 31*p - 777. Calculate u(25).
-2
Let i(m) = m**3 + 10*m**2 - 157*m - 1160. Determine i(-7).
86
Let v(o) = o**3 - 16*o**2 + 54*o + 79. What is v(9)?
-2
Let x(n) = n**3 + 171*n**2 + 345*n + 1228. Give x(-169).
45
Let f(h) = -h**3 + 12*h**2 - 21*h - 42. Determine f(9).
12
Let x(c) = -c**3 + 58*c**2 + 383*c + 78. What is x(64)?
14
Let x(t) = -542*t - 3141. Give x(-6).
111
Let k(d) = 16*d - 24. Give k(-1).
-40
Let j(i) = -137*i**3 + 3*i**2 - 4*i + 3. Determine j(1).
-135
Let y(w) = 139*w - 839. What is y(6)?
-5
Let s(z) = 589*z + 4125. Determine s(-7).
2
Let r(i) = -20*i - 353. What is r(-15)?
-53
Let c(f) = -2*f**3 - 42*f**2 + 268*f + 200. Calculate c(-26).
-8
Let z(m) = 2*m**2 + 145*m - 1445. Give z(9).
22
Let z(t) = t**3 + 23*t**2 + 52*t - 517. Determine z(-19).
-61
Let w(m) = -m**3 - 19*m**2 - 68*m + 201. Calculate w(-9).
3
Let c(f) = -f - 31. Calculate c(-12).
-19
Let n(i) = 8*i - 702. Calculate n(57).
-246
Let r(s) = -114*s + 29. What is r(4)?
-427
Let c(g) = -87*g - 7916. Calculate c(-91).
1
Let b(r) = -6*r**2 + 21*r + 20. Give b(-1).
-7
Let u(b) = -b**2 - 90*b - 2007. Calculate u(-40).
-7
Let t(o) = -o**3 + 48*o**2 - 180*o + 183. What is t(44)?
7
Let s(b) = 59*b - 695. Give s(12).
13
Let u(d) = -18*d + 321. What is u(18)?
-3
Let y(n) = -n**2 + 16*n + 108. Calculate y(21).
3
Let b(v) = 9682*v - 9686. Determine b(1).
-4
Let t(s) = -3380*s - 16898. Calculate t(-5).
2
Let c(k) = 199*k - 2